nvert -2302002210 (base 4) to base 10.
-729252
1642136 (base 7) to base 12
b0535
719a15 (base 13) to base 16
286c05
What is -3481875 (base 10) in base 14?
-668c95
-27723251 (base 8) to base 7
-104165521
65ded (base 15) to base 3
121110010121
-1122143244 (base 5) to base 9
-4686488
Convert 34c523 (base 13) to base 4.
10302133001
24214 (base 14) to base 11
60309
What is -98222 (base 10) in base 2?
-10111111110101110
Convert 11110001110010101 (base 2) to base 7.
1023632
-be005 (base 16) to base 11
-491786
What is 13a65 (base 16) in base 3?
11002101221
What is -44465 (base 10) in base 12?
-21895
Convert 13444233 (base 5) to base 7.
1123551
-1750135 (base 9) to base 11
-608620
Convert 72ea0 (base 16) to base 11.
2a16a9
Convert 34a2a86 (base 12) to base 16.
9b1d86
What is 5628e2 (base 16) in base 6?
321005254
-23880 (base 9) to base 3
-210222200
Convert 10740276 (base 9) to base 4.
103323012003
What is 11c544 (base 14) in base 16?
94fa0
Convert 4a482 (base 11) to base 4.
101230000
What is 4112142 (base 6) in base 5?
22234230
Convert 31602461 (base 7) to base 13.
732557
-3515ba (base 16) to base 3
-20112202020202
What is -4401222210 (base 5) in base 7?
-142612446
Convert 14330213 (base 7) to base 13.
384431
Convert -114113442 (base 5) to base 16.
-82bc9
Convert 65930 (base 10) to base 4.
100012022
What is 732103 (base 9) in base 13?
122a54
-1bbb1 (base 12) to base 9
-62777
Convert 350001 (base 7) to base 8.
171733
2342352 (base 7) to base 9
501263
Convert 59307 (base 10) to base 16.
e7ab
What is -2000020012212 (base 3) in base 9?
-2006185
What is -10104154 (base 7) in base 6?
-30013134
Convert -30320033 (base 4) to base 3.
-2200100202
Convert 719b3 (base 15) to base 10.
359943
What is 359a (base 12) in base 11?
4585
6441138 (base 9) to base 13
93b282
-29496 (base 13) to base 14
-20458
Convert ad1b5 (base 14) to base 4.
1212211123
Convert 71ab69 (base 13) to base 7.
31352255
What is 42745 (base 8) in base 13?
81b5
-120011221100 (base 3) to base 12
-124b39
Convert a1808 (base 13) to base 4.
1012212033
Convert 4cc97 (base 14) to base 12.
91505
What is -7f29 (base 16) in base 12?
-16a09
4245035 (base 7) to base 15
a2b55
What is 1246265 (base 7) in base 14?
435dc
Convert -53f3 (base 16) to base 4.
-11033303
Convert -16013123 (base 7) to base 6.
-52504525
101212212100000 (base 3) to base 5
2440043004
Convert -6127422 (base 10) to base 11.
-3505694
Convert -20020112002 (base 3) to base 11.
-84334
Convert 34433254 (base 6) to base 11.
666037
Convert 21600a6 (base 14) to base 5.
13022440123
Convert 83065 (base 10) to base 3.
11012221111
4dd30e (base 15) to base 10
3740189
9465581 (base 10) to base 6
534514045
Convert -10401300333 (base 5) to base 9.
-23323616
-21222100122 (base 3) to base 9
-258318
What is -125634350 (base 7) in base 12?
-287116b
What is -100001110010100001100 (base 2) in base 15?
-16d0e2
Convert 100100101000001 (base 2) to base 7.
105450
What is -300111030 (base 4) in base 9?
-331500
What is 17196a (base 12) in base 13?
10b985
-32323330 (base 5) to base 9
-461521
What is 254313130 (base 7) in base 8?
75541472
1021867 (base 9) to base 3
1000201222021
What is -16b70 (base 14) in base 9?
-86332
Convert -523351 (base 9) to base 11.
-1a25a5
Convert -40100111 (base 5) to base 4.
-1031010020
What is -101222112211 (base 3) in base 16?
-34c78
-10b4845 (base 12) to base 14
-5dc3ad
1200222220101 (base 3) to base 15
12d3b7
Convert -1042033204 (base 5) to base 13.
-62667c
-1045075 (base 8) to base 11
-182260
-100011221112 (base 3) to base 9
-304845
4435205 (base 6) to base 5
24112043
What is 1b8acb (base 15) in base 5?
321030231
-5730305 (base 8) to base 9
-2825660
10000001111000010 (base 2) to base 5
4111443
93b6cc (base 16) to base 15
cb34c8
What is 3430451 (base 6) in base 2?
101010110000011111
Convert -77c1d (base 15) to base 5.
-44140403
-14cc92 (base 13) to base 3
-222010010211
Convert -44786 (base 12) to base 3.
-11121210010
What is 13222210232 (base 4) in base 13?
5547b6
Convert 589977 (base 10) to base 12.
245509
What is -10222010233 (base 5) in base 8?
-50746734
100011101010022 (base 3) to base 8
22445730
-100330120101 (base 4) to base 5
-2114112432
What is -101741 (base 11) in base 4?
-213313022
2252626 (base 7) to base 6
10013101
-14c2c (base 16) to base 14
-22dc0
173531 (base 10) to base 13
60ca7
Convert 2214b (base 14) to base 6.
1434155
120132333 (base 4) to base 5
11202122
-10001100000101101100 (base 2) to base 15
-b5039
What is -2893c9 (base 13) in base 3?
-1212101002221
Convert -255250 (base 12) to base 6.
-21025340
-151012052 (base 6) to base 8
-13734640
Convert 164364 (base 9) to base 14.
29076
14235351 (base 7) to base 12
545786
-32100102203 (base 4) to base 11
-2122516
Convert -5c1fa0 (base 16) to base 9.
-12321681
What is 16746 (base 9) in base 12?
6820
4a038b (base 15) to base 6
203545552
Convert -1034240101 (base 5) to base 4.
-20213131120
-241886 (base 9) to base 15
-2d2ec
Convert 4459676 (base 10) to base 14.
841364
Convert 344a17 (base 16) to base 12.
119315b
Convert 100100101111010011001010 (base 2) to base 8.
44572312
1437315 (base 8) to base 14
a9233
Convert -3340324214 (base 5) to base 9.
-14750058
Convert -1a09429 (base 11) to base 6.
-200431325
Convert -aaa584 (base 12) to base 5.
-1143320110
What is 1330313201 (base 4) in base 14?
d4569
4883606 (base 9) to base 5
1134401243
-a9ffbf (base 16) to base 10
-11141055
3401234 (base 6) to base 7
1312441
What is -4972a (base 16) in base 6?
-10240442
Convert 26045 (base 14) to base 6.
2000113
What is 8896844 (base 11) in base 8?
73410003
Convert -349050 (base 15) to base 7.
-30225630
-5180029 (base 10) to base 16
-4f0a7d
-450521 (base 7) to base 3
-11001001012
What is 434602 (base 10) in base 8?
1520652
1f3a1 (base 16) to base 8
371641
What is 104304002 (base 7) in base 12?
2132508
-37c13 (base 16) to base 8
-676023
Convert 64f9 (base 16) to base 6.
315401
What is 111130020 (base 4) in base 11?
5aa83
Convert -aa60a (base 11) to base 2.
-100111001011001000
Convert 43897 (base 11) to base 8.
174217
What is -112256 (base 12) in base 8?
-1025742
Convert 1664a0 (base 12) to base 2.
1011101110100111000
Convert -340d12 (base 14) to base 6.
-101533020
What is 1773907 (base 13) in base 15?
a0bd71
-224100 (base 6) to base 10
-19044
Convert -98533 (base 16) to base 15.
-c4ced
Convert -36aff (base 16) to base 9.
-371237
Convert 333b3 (base 14) to base 12.
5ba81
What is 492147 (base 11) in base 5?
144410212
What is -3c7b70 (base 14) in base 15?
-2b6036
What is 8168096 (base 10) in base 15?
ab529b
Convert -327211 (base 8) to base 16.
-1ae89
What is 28562 (base 11) in base 8?
117233
What is 1011111001111101001 (base 2) in base 14?
a225b
What is 3c348 (base 13) in base 7?
646215
What is 11001010222 (base 3) in base 2?
10011011011010000
What is -6530443 (base 7) in base 2?
-11000010101010101111
What is 11222210221 (base 3) in base 11?
67924
134120132 (base 5) to base 10
691917
Convert -87687 (base 11) to base 9.
-213516
What is 3bcf0 (base 16) in base 15?
4c8bb
Convert -a5ab3 (base 15) to base 9.
-880816
What is 342b1c (base 13) in base 9?
2281246
-29586 (base 12) to base 5
-3322341
66735 (base 13) to base 4
231112233
What is -101152162 (base 7) in base 14?
-adc769
What is -146315 (base 8) in base 15?
-10804
What is 3194450 (base 10) in base 11?
1892046
What is -300212243 (base 5) in base 16?
-11fdc1
Convert 16b81 (base 15) to base 8.
217377
What is -30e3fe (base 16) in base 6?
-152401434
10645507 (base 8) to base 15
30a521
Convert -12201112120 (base 3) to base 4.
-123200103
Convert -32224 (base 6) to base 5.
-120113
1121120100001 (base 3) to base 2
11010001010111001100
Convert 12251 (base 16) to base 13.
27aa0
What is 30201 (base 7) in base 2?
1110010000110
What is 242cc (base 13) in base 11?
45999
Convert -100220221210 (base 4) to base 8.
-20505144
What is -1663419 (base 11) in base 7?
-33025225
What is -1a450 (base 16) in base 15?
-21d35
Convert 1ab50b (base 13) to base 10.
681926
12010210122200 (base 3) to base 7
32136063
Convert 349931 (base 11) to base 16.
87743
Convert -1210212110220 (base 3) to base 8.
-3526553
Convert -201553 (base 10) to base 16.
-31351
Convert -203021012030 (base 4) to base 8.
-43110614
What is -4331172 (base 8) in base 13?
-317b97
What is 7277452 (base 8) in bas